
2, 7
Suppose -5*q - 4 = 3*f + 17, f - 1 = q. Let n be 3/f*6/9. What are the prime factors of ((-3)/(-4))/(n/(-16))?
2, 3
Suppose 2*f + 201 = -f. Let n = f - -112. List the prime factors of n.
3, 5
Let v = 0 - -6. Let o be 3*v/9 + 22. Suppose -3*w + o = -0*w. What are the prime factors of w?
2
Let y(n) = -2*n**3 - 7*n**2 + 4*n - 2. Let w(o) = o**3 + 7*o**2 - 3*o + 1. Let u(j) = 3*w(j) + 2*y(j). List the prime factors of u(5).
2, 11
Suppose 464 = 5*v - 2*s + 4*s, 4*v = -s + 373. What are the prime factors of v?
2, 47
Suppose 4*z - 4 = -3*u, -3*u + 1 = 3*z - 2. Let c(v) = 4*v**3 - v**2 + 1. What are the prime factors of c(z)?
2
Let s be (78/24)/(1/8). Suppose 0 = -2*r + 3*i - s, 0 = r - 0*i - i + 15. Let w = r + 31. What are the prime factors of w?
2, 3
Suppose 80 = -2*u + 292. What are the prime factors of u?
2, 53
Suppose 3*i + 5 = 14. Suppose 38 = -2*b + 3*b + i*y, b = y + 30. List the prime factors of b.
2
Suppose -5*x - 444 = -7*x. List the prime factors of x.
2, 3, 37
Let v(x) = -x**2 + 11*x - 10. Let p be (-2)/5 - 74/(-10). List the prime factors of v(p).
2, 3
List the prime factors of 21/(-6) + 3 + 227/2.
113
Let t = 50 + 19. List the prime factors of t.
3, 23
Suppose k - 15 = s, 0 - 15 = 5*s. Let v = 23 - k. List the prime factors of v.
11
Let y be 0/2*(1 - 2). Let n be 3 + y/(3 + -6). Let r = -1 + n. List the prime factors of r.
2
Suppose -p - 2*r = 58, p + 4*p - 5*r + 305 = 0. Let v = p + 86. List the prime factors of v.
2, 13
Let c(l) = -l**3 - 2*l**2 + 5*l + 6. Let b = -2 + 7. Suppose -17 = -2*m - 5*z, b*m = -2*z - 11 + 1. What are the prime factors of c(m)?
2, 3
Let o = 19 + -12. Suppose -d = -4*h - o, -5*h - 23 = -0*d - 2*d. List the prime factors of d.
19
Suppose -4*z + 10 = -2*c, -4*c + 5*z - 12 = -2*c. Let j = 55 + c. List the prime factors of j.
2, 3
Let i(c) = c**3 - 2*c**2 + 1. Let n be i(1). Suppose -y + 5 - 2 = n. List the prime factors of y.
3
Suppose -2*j + 4 = -3*j. Let x(q) = -q**3 - q**2 + 5*q + 6. List the prime factors of x(j).
2, 17
Let r = 10 - -6. Let w = r - 23. What are the prime factors of w/((-21)/(-18))*-1?
2, 3
Suppose 4*n - 7 - 1 = 0. Let v be n/3 - 40/15. What are the prime factors of 8 - (v - -1)*-2?
2, 3
Let k(q) = -7*q + 6. Let w = -5 - 1. Let g be k(w). Suppose 8 + g = 4*f. What are the prime factors of f?
2, 7
Let z(v) = -v**3 - v**2 - v - 5. Let c be z(0). Let l = -3 - c. Suppose -l = -3*r + 4. What are the prime factors of r?
2
Suppose -4*d - 3*b + 15 = -20, -27 = -4*d + 5*b. Suppose -3*n = -d*n + 80. List the prime factors of n.
2
Let x(r) = -r**2 - 13*r - 10. What are the prime factors of x(-10)?
2, 5
Let p(c) = -2*c - 4*c + 5*c. Let x be p(5). Let l = x - -15. List the prime factors of l.
2, 5
Suppose -329 = -3*c - k + 62, -3*k - 6 = 0. List the prime factors of c.
131
Suppose 3*l - 65 = -5*p, -2*l - 34 = -3*p - 14. List the prime factors of ((-6)/p)/(11/(-605)).
3, 11
Suppose -5*o + 661 = 5*v - 714, -5*o = 25. What are the prime factors of v?
2, 5, 7
Suppose 2*m - 7 = 39. What are the prime factors of m?
23
Suppose -17 = -3*j - q, 2*j + 2*q - 3 = 3*q. Suppose -j*n + 39 = -13. What are the prime factors of n?
13
Suppose -32 = 3*y - 7*y. Let k be y/(-6)*9/6. Let s = 0 - k. List the prime factors of s.
2
What are the prime factors of ((-3)/((-18)/(-316)))/(16/(-24))?
79
Let o = 31 + 38. List the prime factors of o.
3, 23
Let r(h) = -h**3 + 8*h**2 + 2*h + 1. Let u be 3 + -1 + 6/2. Suppose 2*i + 2*w - 8 = 0, 23 = i - 5*w - u. What are the prime factors of r(i)?
17
Let y(r) = -4*r**2 + 3*r. Let o(b) = 5*b**2 - 2*b - 1. Let f(w) = 3*o(w) + 4*y(w). List the prime factors of f(4).
5
Let l = -2 + 1. Let y be (l + 1)/(5/(-5)). Suppose 0*v - 2*v + 16 = y. What are the prime factors of v?
2
List the prime factors of (-1152)/(-15) - 0 - 12/15.
2, 19
Suppose 68 - 193 = -5*l. List the prime factors of l - 1/(2 + -1).
2, 3
Suppose 4*l + 4*f - 54 = 3*l, -53 = -2*l + 3*f. List the prime factors of l.
2, 17
Let r(v) = -v**2 + 9*v - 13. Let h(b) = -2*b**2 + 19*b - 26. Let q(p) = -3*h(p) + 5*r(p). What are the prime factors of q(12)?
13
Let k be (9/(-15))/(2/(-10)). List the prime factors of 3/6*38 - k.
2
Suppose b - 6 - 29 = 0. What are the prime factors of b?
5, 7
Let b(h) = -9*h - 16. List the prime factors of b(-7).
47
Let p = 3 - 4. Let i = 4 + p. Suppose 0 = 2*h + u - 7, -u + i*u = h - 16. What are the prime factors of h?
2, 3
Suppose -2*s = 2*v + 3 + 1, -9 = 3*s. Let m be (-35 + v)*6/(-12). Suppose 0 = 4*u + m - 49. What are the prime factors of u?
2
Suppose 5*t + 3*c - 199 = 0, 2*t + 3*t = 5*c + 215. List the prime factors of t.
41
Let u = -5 + 9. Suppose 2*f - 4*f + 5*m + 51 = 0, -u*f + 4*m + 84 = 0. List the prime factors of f/24*(27 - -1).
3, 7
Suppose 11*v - 210 = 10. List the prime factors of v.
2, 5
Suppose 3*w - 5*t = -10 - 2, -4*w + t = -1. Suppose 2*g = -w + 35. List the prime factors of g.
17
Suppose -4*b + 3*b = 4*m - 63, -2*b = m - 7. List the prime factors of m.
17
Suppose -4*c = -17 - 35. What are the prime factors of c?
13
Suppose 5*m - 2*m = 2*c + 9, 0 = -5*c - 5*m + 40. What are the prime factors of c?
3
Let t = 4 + -5. Let j be (0/1)/(t + -1). What are the prime factors of 7 + -1 - j/5?
2, 3
Let s(k) = -k**3 + 8*k**2 - 4*k + 1. List the prime factors of s(7).
2, 11
Suppose -3*i + 5*z = -4*i + 166, -5*i - 4*z + 893 = 0. What are the prime factors of i?
181
Suppose 10 - 2 = 2*n. What are the prime factors of n/30 + 193/15?
13
Suppose 0 = -4*g - 9 + 21. Suppose 0 = g*t + q - 153, -5*t - 2*q + 202 = -t. What are the prime factors of t?
2, 13
Let v = -6 + 11. Let f be 2 + -2 + v + -3. Suppose -f*x - 3*x = -35. List the prime factors of x.
7
Let p(x) = -6*x - 9. List the prime factors of p(-12).
3, 7
Suppose -248 = -l - 3*l. Suppose 0 = 2*v + 5*s - l, 4 = 3*v + s - 89. What are the prime factors of v?
31
Let y = -12 - -64. What are the prime factors of y?
2, 13
Let c = 29 - 18. Suppose 5*n - 193 = -w, 1 = 5*w + c. What are the prime factors of n?
3, 13
Let s(l) = 1. Let h(c) = 10*c + 5. Let g(k) = -h(k) + 6*s(k). List the prime factors of g(-1).
11
Let g be (-2)/(-8) + (-55)/(-20). List the prime factors of (g*-14)/((-3)/2).
2, 7
Let h(x) be the second derivative of -x**3/6 - 7*x**2/2 - x. Let t be h(-9). Suppose 8*i - n - 45 = 3*i, -9 = -i + t*n. What are the prime factors of i?
3
Let p = 27 + 4. List the prime factors of p.
31
Let b = 54 - -1. List the prime factors of b.
5, 11
Let b be 30/4*(-234)/15. Let k = -63 - b. What are the prime factors of k?
2, 3
Suppose -5*c + 132 = -2*m, -3*c + m + 73 = 6*m. Suppose 2*f = 6*q - 2*q - c, -4*q = -16. Let a = f + 22. What are the prime factors of a?
17
Let g = 54 + 4. List the prime factors of g.
2, 29
Suppose -m + 7 = 3*i - 4, -4*i + 28 = 3*m. Suppose -4*a + 5*q = 69, -4*a = -2*q + m + 46. Let o = 22 + a. What are the prime factors of o?
11
Let r(m) = 2*m + 1. Let k be r(-1). Suppose -4*j = j - 5. What are the prime factors of (k + 0 - j) + 4?
2
Suppose 0 = -5*j + 3*z + 51, 2*j - 36 = -2*j + 4*z. Let t = j - 9. Suppose -t*r = 2*h - 1, h + 4*h + 20 = 0. What are the prime factors of r?
3
Let h(t) = t**3 - 4*t**2 + 2*t + 4. Let i be h(3). Let f(n) = 29*n**2 + n - 1. What are the prime factors of f(i)?
29
Let h be (12/2)/(30/40). Let c = h - 8. Suppose 11 + c = y. List the prime factors of y.
11
Let o = -95 - -135. What are the prime factors of o?
2, 5
Suppose -a = -0*a - 3*j + 6, -5*a = j - 2. Suppose 5*k + 2*g - 4*g + 85 = 0, a = 2*g. Let h = -7 - k. What are the prime factors of h?
2, 5
Suppose -4 = 2*c, 4*b + 6*c - 118 = c. List the prime factors of b.
2
Let j(s) = -s**2 + s + 39. List the prime factors of j(0).
3, 13
Let z = 0 - -3. Suppose v + 40 = z*v. What are the prime factors of v?
2, 5
List the prime factors of -5 + 65/15 + (-100)/(-6).
2
Suppose 3 = r - d, 0*d = -5*r + 2*d + 21. List the prime factors of -2 + 0/(-4) + r.
3
What are the prime factors of 2/((10/(-19))/(-5))?
19
Let g = 198 - -6. List the prime factors of g.
2, 3, 17
Let q(i) = i**3 - 3*i**2 - 3*i - 1. Let c be q(4). Suppose -c*j = -4 - 5. Suppose 75 = 5*l + 4*a, l = 6*a - j*a - 4. List the prime factors of l.
11
Suppose 3*b - 5*c + 185 = 4*b, 215 = b - 5*c. Suppose -d + 6*d = b. What are the prime factors of (-3 - 1)/((-8)/d)?
2, 5
Let p(h) = -21*h**3 - h**2 - h + 2. List 